by 87?
79
What is the remainder when 35497319 is divided by 4143?
95
What is the remainder when 1227573 is divided by 36104?
37
What is the remainder when 1002266 is divided by 2133?
1889
Calculate the remainder when 30821135 is divided by 172185.
20
What is the remainder when 222835 is divided by 1038?
703
Calculate the remainder when 834643 is divided by 14903.
75
What is the remainder when 1094164694 is divided by 1783?
1782
Calculate the remainder when 17590140 is divided by 14.
8
What is the remainder when 153044 is divided by 25411?
578
What is the remainder when 139884 is divided by 1101?
57
Calculate the remainder when 665764 is divided by 332870.
24
Calculate the remainder when 250444 is divided by 158.
14
What is the remainder when 28736328 is divided by 126?
12
Calculate the remainder when 15238594 is divided by 204.
202
Calculate the remainder when 291753 is divided by 3645.
153
What is the remainder when 1889746380 is divided by 7174?
7170
What is the remainder when 547102 is divided by 36466?
112
Calculate the remainder when 27304725 is divided by 1606160.
5
Calculate the remainder when 535738 is divided by 2424.
34
Calculate the remainder when 1589151 is divided by 167.
146
Calculate the remainder when 368121 is divided by 14.
5
What is the remainder when 2500111 is divided by 625016?
47
Calculate the remainder when 64379 is divided by 5149.
2591
Calculate the remainder when 350385668 is divided by 328.
324
Calculate the remainder when 1008342 is divided by 112038.
0
Calculate the remainder when 24139805 is divided by 42.
11
Calculate the remainder when 29315 is divided by 976.
35
Calculate the remainder when 1586762 is divided by 611.
606
What is the remainder when 107914 is divided by 164?
2
What is the remainder when 2967226 is divided by 21?
10
What is the remainder when 9514294 is divided by 2344?
2342
What is the remainder when 9474216 is divided by 740?
736
What is the remainder when 669202 is divided by 44591?
337
What is the remainder when 1547901 is divided by 630?
621
What is the remainder when 52447436 is divided by 6555928?
12
What is the remainder when 454268406 is divided by 1717?
1716
What is the remainder when 67115495 is divided by 1302?
1301
Calculate the remainder when 26826865 is divided by 185.
15
What is the remainder when 360813 is divided by 89?
7
Calculate the remainder when 75484 is divided by 4422.
310
Calculate the remainder when 995455 is divided by 8.
7
Calculate the remainder when 1833146 is divided by 11669.
1113
What is the remainder when 1692702 is divided by 2242?
2234
What is the remainder when 1516268 is divided by 31?
27
Calculate the remainder when 4200 is divided by 4177.
23
Calculate the remainder when 2613246 is divided by 1708.
6
Calculate the remainder when 670602 is divided by 1793.
20
What is the remainder when 15850462 is divided by 7?
5
Calculate the remainder when 4592442 is divided by 2145.
2142
Calculate the remainder when 2316857981 is divided by 6538.
6535
Calculate the remainder when 83865892 is divided by 509.
507
What is the remainder when 1767582 is divided by 57?
12
What is the remainder when 26784002 is divided by 148?
146
What is the remainder when 5872065 is divided by 6828?
6813
Calculate the remainder when 81106 is divided by 1089.
520
What is the remainder when 23405939 is divided by 4819?
56
Calculate the remainder when 20530264 is divided by 2932874.
146
What is the remainder when 42011014 is divided by 4885?
14
Calculate the remainder when 32744067 is divided by 532.
531
What is the remainder when 101559 is divided by 7250?
59
What is the remainder when 3881 is divided by 1934?
13
What is the remainder when 234490 is divided by 608?
410
Calculate the remainder when 5987903879 is divided by 5180.
5179
What is the remainder when 18399936 is divided by 199?
197
What is the remainder when 13168600 is divided by 56276?
16
Calculate the remainder when 239212 is divided by 1932.
1576
Calculate the remainder when 14084 is divided by 2640.
884
What is the remainder when 7184584 is divided by 2758?
2752
Calculate the remainder when 35491005 is divided by 1419640.
5
Calculate the remainder when 1304428 is divided by 865.
8
Calculate the remainder when 478526219 is divided by 1455.
1454
What is the remainder when 153884 is divided by 41?
11
What is the remainder when 1828813 is divided by 109?
11
What is the remainder when 2621319 is divided by 19709?
22
Calculate the remainder when 10372981 is divided by 163.
150
Calculate the remainder when 1534273 is divided by 333.
142
Calculate the remainder when 14887003 is divided by 39.
1
What is the remainder when 2136958 is divided by 12?
10
What is the remainder when 153754 is divided by 72?
34
What is the remainder when 301254 is divided by 6408?
78
Calculate the remainder when 1693702 is divided by 3930.
3802
What is the remainder when 1195871 is divided by 1415?
196
Calculate the remainder when 763495387 is divided by 2061.
2059
Calculate the remainder when 61797 is divided by 801.
120
What is the remainder when 100646 is divided by 50302?
42
What is the remainder when 15685 is divided by 85?
45
Calculate the remainder when 16408551 is divided by 907.
14
Calculate the remainder when 398541 is divided by 2622.
2619
What is the remainder when 77646 is divided by 6460?
126
What is the remainder when 2717446 is divided by 167?
22
What is the remainder when 16135410 is divided by 36?
30
What is the remainder when 12022494 is divided by 3093?
3
Calculate the remainder when 18208514 is divided by 1276.
1270
What is the remainder when 7610072 is divided by 10013?
192
Calculate the remainder when 276596 is divided by 2080.
2036
What is the remainder when 602624 is divided by 70?
64
Calculate the remainder when 57449 is divided by 1650.
1349
What is the remainder when 56815954 is divided by 767783?
12
What is the remainder when 325406 is divided by 6136?
198
Calculate the remainder when 443475 is divided by 13855.
115
Calculate the remainder when 11334401 is divided by 1133439.
11
What is the remainder when 55876727 is divided by 18625565?
32
Calculate the remainder when 949869 is divided by 4085.
2149
What is the remainder when 186026854 is divided by 35?
34
What is the remainder when 4131960 is divided by 19961?
33
Calculate the remainder when 548538 is divided by 182794.
156
What is the remainder when 14599296 is divided by 8004?
0
What is the remainder when 52391088 is divided by 363827?
0
Calculate the remainder when 700519017 is divided by 10.
7
What is the remainder when 548917648 is divided by 7337?
7330
Calculate the remainder when 629905 is divided by 623.
52
Calculate the remainder when 61115 is divided by 854.
481
Calculate the remainder when 1314252 is divided by 161.
9
What is the remainder when 1803842 is divided by 1052?
714
Calculate the remainder when 12171692 is divided by 632.
4
What is the remainder when 39770 is divided by 39628?
142
What is the remainder when 285428050 is divided by 1731?
1729
What is the remainder when 1056800 is divided by 528397?
6
What is the remainder when 2769644 is divided by 2676?
2660
Calculate the remainder when 28945647 is divided by 2816.
2799
Calculate the remainder when 1978424 is divided by 9421.
14
Calculate the remainder when 78782 is divided by 78721.
61
Calculate the remainder when 122056 is divided by 515.
1
Calculate the remainder when 117491 is divided by 4428.
2363
What is the remainder when 622819 is divided by 8650?
19
Calculate the remainder when 908697793 is divided by 223.
222
Calculate the remainder when 249163 is divided by 7327.
45
What is the remainder when 269945 is divided by 133454?
3037
Calculate the remainder when 21989923 is divided by 433.
18
What is the remainder when 51067986 is divided by 1756?
1750
Calculate the remainder when 397681 is divided by 11.
9
What is the remainder when 7548494 is divided by 854?
842
What is the remainder when 603393 is divided by 60335?
43
Calculate the remainder when 483549513 is divided by 12.
9
What is the remainder when 38422 is divided by 19078?
266
What is the remainder when 343129 is divided by 57075?
679
Calculate the remainder when 462137502 is divided by 241.
240
Calculate the remainder when 204649 is divided by 